e 8, what is -105260322 - -1?
-105260321
In base 5, what is -10343142413 + -3?
-10343142421
In base 5, what is -10212 - -2443142?
2432430
In base 16, what is 699 + 3d687?
3dd20
In base 5, what is 4414122334 - 322?
4414122012
In base 2, what is -10000101111 - -10010001011100?
10000000101101
In base 13, what is -a007 - 50a0?
-120a7
In base 13, what is -188 + -6813?
-699b
In base 11, what is 10009 - 1918?
91a1
In base 7, what is 651601 - 6125?
642443
In base 10, what is -2 + 30827112?
30827110
In base 14, what is 6 - -9193b?
91943
In base 12, what is 4827304 + 3?
4827307
In base 7, what is -16504 - -26310?
6503
In base 5, what is -3 - 411310222?
-411310230
In base 4, what is 2 - -1012010213322?
1012010213330
In base 14, what is 1 - -2dc307?
2dc308
In base 6, what is 110142205 + -12?
110142153
In base 9, what is 0 + 20430413?
20430413
In base 10, what is -11326701 - -8?
-11326693
In base 9, what is -18875 + 1223?
-17652
In base 3, what is -12110211101 - -101200?
-12110102201
In base 13, what is -1 + -a555195?
-a555196
In base 7, what is 140 - -10426633?
10430103
In base 12, what is -669a - 214?
-68b2
In base 13, what is -9180bc - 70?
-91815c
In base 3, what is 221112 - -2210122200?
2211121012
In base 3, what is -101 + -1001212012212?
-1001212020020
In base 5, what is 11 - -3211310?
3211321
In base 14, what is 2b1b + -19?
2b02
In base 7, what is 40505 - 146331?
-105523
In base 14, what is -1 - 255a07?
-255a08
In base 11, what is -292 - -371611?
37132a
In base 3, what is -1212 + -20100201111?
-20100210100
In base 10, what is 32679790 + 4?
32679794
In base 13, what is -1c53a99 + 3?
-1c53a96
In base 5, what is -4014 + 4213102?
4204033
In base 14, what is 104cb00 - -11?
104cb11
In base 4, what is -12 - 1330002010231?
-1330002010303
In base 9, what is 10 - 214875?
-214865
In base 13, what is 2b388 + 40?
2b3c8
In base 2, what is -11000 + -10100001010110100110?
-10100001010110111110
In base 8, what is 1615576 - -4?
1615602
In base 14, what is -24c - -12b0?
1062
In base 7, what is -146313611 + -2?
-146313613
In base 5, what is -1103 + -1031411003?
-1031412111
In base 14, what is -4 + -c68468?
-c6846c
In base 10, what is -4 - 207316801?
-207316805
In base 10, what is 5274 - 19762?
-14488
In base 12, what is 18b32550 - 2?
18b3254a
In base 15, what is b8893 + 59?
b88ec
In base 13, what is -44c0a + 4c?
-44b8b
In base 10, what is -413503 + -287?
-413790
In base 4, what is 31301200320 + 32?
31301201012
In base 9, what is -565 - -678320?
677644
In base 2, what is -1001101000110110 - -111110?
-1001100111111000
In base 7, what is 1161045026 - -45?
1161045104
In base 8, what is 117 - -31333003?
31333122
In base 4, what is 33010 - 201103?
-102033
In base 15, what is -c2 + -164d2?
-165a4
In base 9, what is 15361141 - -20?
15361161
In base 13, what is 238cc4 - 34?
238c90
In base 3, what is 1221212120001220 + -10?
1221212120001210
In base 4, what is -10 - -1130102212130?
1130102212120
In base 10, what is -8376 + -779?
-9155
In base 3, what is 1111111012112021022 - -1?
1111111012112021100
In base 16, what is 45a - -163b7?
16811
In base 7, what is 352 + 44352?
45034
In base 5, what is 1 + 400422321?
400422322
In base 15, what is -da2d - 186?
-dbb4
In base 2, what is 1011100100101110000 + -100100101?
1011100100001001011
In base 2, what is 10 - 1101100011110110100001?
-1101100011110110011111
In base 16, what is -1b6 + -2b955?
-2bb0b
In base 15, what is -201040ae + 0?
-201040ae
In base 3, what is 22 - -21110022001020?
21110022001112
In base 8, what is 65 - -341315?
341402
In base 4, what is 0 + -21122311103020?
-21122311103020
In base 7, what is -5 + -40462554?
-40462562
In base 7, what is 6 + 4006120?
4006126
In base 7, what is -104461 - 400?
-105161
In base 5, what is 341221031321 + -2?
341221031314
In base 14, what is 1b27865 - -c?
1b27873
In base 11, what is -8 + -105002?
-10500a
In base 9, what is -25 + 1227728?
1227703
In base 13, what is -20991b9 - -3?
-20991b6
In base 16, what is cc704 - -b7?
cc7bb
In base 4, what is 22110232320 - -3032?
22110302012
In base 15, what is 45b53d - -c?
45b54a
In base 13, what is -5 + 30b7bc53?
30b7bc4b
In base 8, what is 4176306 + -12?
4176274
In base 15, what is 60b + 85809?
85e15
In base 11, what is 6 - 6083025?
-608301a
In base 11, what is 5 - 1022476?
-1022471
In base 8, what is -120665 + -112?
-120777
In base 15, what is 34 - -6a505?
6a539
In base 12, what is -95811 + 84?
-95749
In base 7, what is -115 - -330634?
330516
In base 6, what is 4033 - 11114113?
-11110040
In base 3, what is 10 - 1202221011202?
-1202221011122
In base 9, what is 476357 + 20?
476377
In base 15, what is 11 - 3ca08?
-3c9e7
In base 2, what is 1111110000000110010010 - 11?
1111110000000110001111
In base 3, what is 1020101010110 - -121221?
1020101202101
In base 4, what is 3 + 12001312020002?
12001312020011
In base 16, what is -d505c62 - -5?
-d505c5d
In base 6, what is 34443 - -43035?
121522
In base 13, what is 19bc - -9950?
b63c
In base 5, what is -40 + -202110220?
-202110310
In base 5, what is -2101 - -1313300342?
1313243241
In base 2, what is -111 - 110000101000111111100?
-110000101001000000011
In base 9, what is 7415253 + 1?
7415254
In base 10, what is 4 - -54931162?
54931166
In base 4, what is -2313 - 2200110030?
-2200113003
In base 2, what is 101100100010011010111 + -1100?
101100100010011001011
In base 11, what is 3228944 - 12?
3228932
In base 5, what is -21214 + -10041?
-31310
In base 13, what is 7bc891b - 3?
7bc8918
In base 8, what is 3 - -232327776?
232330001
In base 4, what is -3322332 + -10223?
-3333221
In base 7, what is -131311150 - -1?
-131311146
In base 16, what is bfb7a + -13?
bfb67
In base 2, what is -100 - 101100011110110001101?
-101100011110110010001
In base 13, what is -2c - -30838a?
30835b
In base 7, what is 24063533 - 16?
24063514
In base 15, what is 3a048e + -58?
3a0436
In base 10, what is -1059 - 320?
-1379
In base 6, what is -1232245442 - 2?
-1232245444
In base 4, what is -332300 + -102000102?
-102333002
In base 9, what is -7003 + -380?
-7383
In base 13, what is -281ac + -1a87?
-29c66
In base 13, what is 42a4 - -131?
4405
In base 16, what is 198c - -25e?
1bea
In base 6, what is 0 - 44245433?
-44245433
In base 8, what is 3 - -30650210?
30650213
In base 16, what is 238 - 642?
-40a
In base 12, what is -b177a - -17?
-b1763
In base 3, what is 2 - 12100000011122?
-12100000011120
In base 10, what is 424 + -260920?
-260496
In base 8, what is -255223 + 454?
-254547
In base 11, what is -1 - -10a63a03?
10a63a02
In base 3, what is -2212220012 - -2020?
-2212210222
In base 13, what is -2058b + -cb9?
-21577
In base 13, what is -4ac7b39 - -4?
-4ac7b35
In base 16, what is -3ee18b - -46?
-3ee145
In base 8, what is -1127 - -12605?
11456
In base 4, what is 20220000 + 11033?
20231033
In base 5, what is 10422 + 40314142?
40330114
In base 3, what is 122121002001 + -1210?
122121000021
In base 9, what is 2 - -101238612?
101238614
In base 3, what is 212211122010 - -1021020?
212212220100
In base 4, what is 3 - -13301223312100?
13301223312103
In base 9, what is -3576400 + 7?
-3576382
In base 12, what is b0b20a + 8b?
b0b299
In base 7, what is 252556 - -210?
253066
In base 8, what is 746 + -132627?
-131661
In base 12, what is -1 + 33a12b?
33a12a
In base 6, what is -1150241 + 241?
-1150000
In base 14, what is -25c + 21014?
20b96
In base 13, what is 0 + -32845c22?
-32845c22
In base 16, what is 363 - -a950?
acb3
In base 16, what is -564 + 492?
-d2
In base 9, what is 0 + 23482446?
23482446
In base 8, what is 2 - 504635212?
-504635210
In base 8, what is -14374757 + 21?
-14374736
In base 14, what is 4 + -14c0402?
-14c03dc
In base 11, what is -3642884 - 1?
-3642885
In base 5, what is 2123144030 - 1230?
2123142300
In base 7, what is 3341 - -1316556?
1323230
In base 13, what is 4 + 53bc21?
53bc25
In base 11, what is 3 - -80a44a?
80a452
In base 11, what is a4959 - -108?
a4a66
In base 3, what is 111000012200011 - -102?
111000012200120
In base 11, what is -6537095 + -1?
-6537096
In base 16, what is b + -31c7bc7?
-31c7bbc
In base 14, what is -18d + -16ca3?
-17052
In base 9, what is -12573032 + -8?
-12573041
In base 13, what is 170a377 - -5a?
170a404
In base 6, what is 51 - 400442455?
-400442404
In base 4, what is -33201 + 1221321?
1122120
In base 12, what is 1a73997 + -4?
1a7399